f - k*f. Calculate the highest common factor of f and 88.
88
Let c(h) = 32*h - 39. Let d = -60 + 64. Let j be c(d). Suppose -v + z = 2*z - 99, -z = -v + j. Calculate the highest common factor of v and 235.
47
Suppose 3*c = 15, 0 = 3*t + 3*c - 15 - 30. Let f = 18 - -143. Let p be 3/7 + (-230)/f - -3. What is the highest common divisor of t and p?
2
Let z(a) = -a**2 + a - 1. Let q(x) = -2*x + 23. Let w(j) = -q(j) - 5*z(j). Let m be w(-3). Suppose 2 = -4*c + 38. What is the greatest common factor of c and m?
9
Let c(h) = 88*h - 373. Let w be c(-14). Let q be (-1)/(-2 - w/805). Calculate the greatest common factor of q and 46.
23
Let d be (-15)/30*8220/(-6). What is the greatest common factor of 5 and d?
5
Let y be 11/(-55)*-20 + 1 + -25. Let r(j) = -j**3 - 18*j**2 + 42*j + 70. Let c be r(y). Calculate the greatest common factor of 105 and c.
15
Suppose 3*u + 6 = 0, -2*u = -49*g + 53*g - 72. Let i(c) = -81*c + 7. Let w be i(-10). Calculate the greatest common factor of g and w.
19
Suppose -44*m + 35860 = 17875 - 34067. Calculate the greatest common divisor of m and 77.
7
Let c = 845 - -225. Calculate the highest common divisor of 749 and c.
107
Let x be (-2)/(-12) - ((-490)/12 - 3). Suppose k = -4*t + 179, 5*k + 0*k + t = 952. Let o = k - 169. Calculate the greatest common divisor of x and o.
22
Let c(p) = -p**2 - 91*p - 1325. Let x be c(-65). What is the highest common factor of x and 10?
5
Let u(t) = t**3 - 4*t**2 - 49*t - 10. Let v be u(-5). Suppose 3*f = 12, v*f - 6*f - 33 = -w. Calculate the greatest common factor of w and 272.
17
Suppose 54 = 9*n - 36. Let a(s) = -s + 6. Let j be a(6). Suppose j = h - 15 - n. What is the highest common factor of h and 50?
25
Let h be (-1 - 5)*42/(-63). Suppose 2*p = h*o + 64, 5*o - 19 - 33 = -3*p. Let a be -30*(-3)/12*16/5. What is the highest common factor of a and p?
24
Let k = -699 + 818. Suppose 0 = m - 2*m + 35. Let s = k - m. What is the highest common factor of s and 12?
12
Let l(x) = 2*x**3 - 13*x**2 + 6*x + 108. Let z be l(11). What is the greatest common factor of z and 3?
3
Suppose y + 3*w - 1492 = -1474, 2*y - w - 8 = 0. Calculate the highest common divisor of 11310 and y.
6
Suppose 20*j - 8*j - 10872 = 0. Let g = -659 + j. Calculate the highest common divisor of 52 and g.
13
Suppose -3*u - 57 - 3 = 0. Suppose -2 = 5*w - 4*i - 5, -w - 5*i = 11. Let v be ((-6)/u)/(w/12)*-5. What is the greatest common divisor of 2 and v?
2
Let r = 14503 - 9981. What is the highest common factor of 14 and r?
14
Let i = 12895 + -11284. What is the highest common divisor of 6 and i?
3
Let f be 6*((-108)/(-8) - 0). Let l(m) = 27*m**2. Let x be l(-1). Let j = 36 - x. Calculate the greatest common divisor of f and j.
9
Suppose -11 = -2*v - 3*k, 2*v + 0*k - 16 = 2*k. Suppose -t + 4*o = 1 - 30, -o - 23 = -t. Suppose 2*j = -j + t. What is the greatest common divisor of v and j?
7
Let z = 56 - 51. Suppose -z*a + 290 = 4*k, 366 = 5*a + 5*k + 81. Suppose -5*l - a = -3*f, l + 0*l = -4. What is the highest common factor of f and 126?
14
Let n(b) = 803*b**2 + 19*b + 54. Let w be n(-4). Calculate the greatest common divisor of 106 and w.
106
Let m(o) = 3*o**3 - 18*o**2 - 17*o - 14. Let g be m(7). What is the greatest common divisor of g and 100?
2
Let n = -75 - -116. Suppose -4*p = -5*m - 461, 3*m + 2*m = 2*p - 463. Let z = -52 - m. Calculate the greatest common divisor of z and n.
41
Let m be 3/(-1)*8/(-3). Let l = -114010 - -114012. Calculate the greatest common divisor of m and l.
2
Let s be (1 + -2)/(3*1/6). Let o be (s/(-1))/(-1 - (-284)/280). Suppose v - 35 = -3*m, 0*v - 40 = -v - 4*m. What is the greatest common factor of o and v?
20
Suppose -6*a - 569 + 641 = 0. Let z(x) = x**2 - 10*x + 35. Let f be z(a). Calculate the highest common factor of f and 59.
59
Let g(y) = 16*y**3 + 2*y**2 + y + 1. Let j be g(-2). Let z = -99 - j. What is the greatest common divisor of 2 and z?
2
Let g be ((-1)/(-2))/((-2)/(-72)). Suppose -28*k = -25*k - 1401. Let n = k + -323. What is the highest common divisor of g and n?
18
Suppose 6*x = 2*x + 792. Let q(d) = 15*d**2 - 18*d - 2. Let w be q(2). Calculate the greatest common divisor of w and x.
22
Let k be (6 + -1)*664/40. What is the greatest common divisor of 249 and k?
83
Let m(b) = -b**3 + 18*b**2 + 11*b - 142. Let d be m(18). Calculate the greatest common divisor of d and 1092.
28
Let o be (-230)/(-15) - (-4)/6. Suppose -2*t = 2*x - 3*x + o, -x - 2*t = -4. Suppose 7*u = 4*u + 120. What is the greatest common factor of x and u?
10
Suppose 28 - 16 = 4*b. Let h be 242 + (-1 - -6) + (b - 12). What is the highest common divisor of h and 7?
7
Suppose c + 4*i = -122 + 212, 5*i - 360 = -5*c. What is the highest common divisor of 6 and c?
6
Let u(t) = -t**2 + 25*t - 93. Let o be u(12). Suppose -9216 = 54*r - o*r. What is the greatest common factor of 64 and r?
64
Let g be ((-1586)/(-65) + 4)/(8/340). Calculate the greatest common divisor of 355 and g.
71
Let i(h) = -6*h**3 - 1. Suppose 6*l - 8*l = 2. Let d be i(l). Suppose -d*s + 65 = 2*w, -w - 3*w = s - 175. What is the greatest common divisor of 18 and w?
9
Let k(r) = -2*r**2 + 31*r + 7. Let m be k(15). Suppose m*i = 26*i - 64. Suppose 19*f = i*f + 15. What is the highest common divisor of 45 and f?
5
Let k(s) = 18*s - 96. Suppose -4*g + 19 = -u, -4*g = 5*u + 4 - 53. Let f be k(g). Suppose -m + 2*m = 12. Calculate the greatest common divisor of m and f.
12
Let q(n) be the second derivative of -n**3/6 - 10*n. Let c be q(-8). Let b(v) = 2*v**2 + 2*v - 4. Let i be b(5). What is the highest common divisor of i and c?
8
Let m(l) = -29*l**2 + 31 + 18*l**2 - 15*l + 10*l**2. Let r be m(-14). Calculate the greatest common factor of 20 and r.
5
Let y = 3246 - 3113. What is the greatest common factor of 988 and y?
19
Let w(b) = 3*b**2 - 114*b - 870. Let z be w(45). Let s(u) = -201*u - 2. Let t be s(-2). What is the greatest common divisor of z and t?
25
Suppose 4*o = 16, m - 1 = o - 0*o. Let t = -482 - -507. What is the highest common factor of m and t?
5
Suppose -21 = -n - 4*r, 5*n - 63*r = -66*r + 20. Let d be (56/(-14) - -14) + 4*n. Calculate the highest common divisor of 49 and d.
7
Suppose 56*t - 1511 + 58 = -109. What is the greatest common factor of 7188 and t?
12
Let f = 20082 - 16369. Calculate the greatest common divisor of 423 and f.
47
Let t be (2073/6 - 1 - 40/80)*2. Calculate the greatest common factor of t and 224.
16
Suppose 4*a = 20, 0 = -11*u + 9*u + a + 87. Let d(i) = 137*i**2 + i + 2. Let z be d(-1). What is the highest common factor of u and z?
46
Suppose 9254*t = 9258*t - 80. What is the highest common factor of t and 2710?
10
Let d(p) = 116*p + 2. Let v be d(2). Suppose 0 = 5*j - 47 - 73. Let u be -1*(13/(-4))/(3/j). What is the greatest common divisor of u and v?
26
Suppose 4*u + 66 = h + 7, 5*u = -5*h + 270. Calculate the highest common divisor of 737 and h.
11
Suppose z + 5*a + 57 = 150, 5*z = a + 543. Calculate the greatest common factor of z and 9018.
54
Let r(x) = x**3 - 3*x**2 - 2*x - 1. Let f = 31 - 27. Let v be r(f). Let i = -81 + 144. Calculate the greatest common divisor of v and i.
7
Suppose 5*o = 5*h + 122 + 143, 0 = -5*o - h + 283. Let c be 28/o*10/1. Suppose -15 = 4*z - 195. Calculate the highest common divisor of c and z.
5
Suppose -11*s - 101 + 321 = 0. Let q = -75 + 49. Let d = q - -66. Calculate the greatest common factor of d and s.
20
Let v(j) be the first derivative of 2*j**3/3 - 19*j**2 + 2*j + 23. Let i be v(19). Suppose 8*p = i*p + 48. Calculate the highest common divisor of p and 6.
2
Let h be 6/(-14) - 4696/(-14). Suppose -325 = -3*w + 77. Calculate the highest common factor of h and w.
67
Let l(b) = b**2 + b. Let c be l(-2). Suppose -4*v = j - 23 - 61, 0 = c*v - 5*j - 42. Let z = -42698 + 42712. Calculate the highest common divisor of z and v.
7
Suppose -269*a + 25 = -264*a. Suppose -a*w - 80 = -4*y - 622, -y = -2. Calculate the highest common divisor of 20 and w.
10
Let u be 9831/87 - (0 - (6 - 3)). What is the highest common factor of u and 319?
29
Suppose -t + 0*t + 12 = 0. Let u be (1 + -3 - (69 + -68)) + (28 - -3). What is the highest common divisor of u and t?
4
Let b be (-28)/(-20) + (-350033)/(-5) + -16. Calculate the greatest common divisor of b and 13.
13
Suppose 3*b - 11 = -5*l, 5*b + 2*l -